of 511 and 11375809.
73
Calculate the greatest common factor of 2175 and 2992945.
145
Calculate the highest common factor of 644 and 1206898.
14
Calculate the greatest common divisor of 214491 and 1195203.
159
What is the greatest common divisor of 364000 and 51125?
125
Calculate the highest common divisor of 942 and 1515207.
471
What is the greatest common factor of 75 and 16749465?
15
What is the highest common factor of 3968 and 83664288?
992
Calculate the greatest common factor of 129130398 and 1279.
1279
Calculate the greatest common divisor of 108 and 21676599.
27
What is the highest common divisor of 215575 and 225?
25
Calculate the greatest common factor of 1167290180 and 4984.
2492
What is the greatest common divisor of 986 and 254720775?
493
What is the greatest common divisor of 1133424 and 912?
48
Calculate the greatest common factor of 562566 and 580.
2
Calculate the highest common factor of 870459 and 16448.
257
Calculate the highest common divisor of 132 and 66659538.
66
Calculate the greatest common factor of 72 and 257262096.
24
What is the highest common factor of 37 and 75868426?
37
What is the highest common factor of 2574236 and 69776?
2492
Calculate the highest common divisor of 187021 and 29.
29
What is the highest common divisor of 357 and 24522517?
17
Calculate the greatest common factor of 6400 and 34300.
100
Calculate the highest common factor of 130894869 and 959.
959
Calculate the greatest common factor of 13362287 and 161.
23
Calculate the greatest common factor of 104058 and 2568978.
738
Calculate the highest common factor of 23904846 and 144.
18
What is the greatest common divisor of 53 and 11237696?
53
What is the highest common divisor of 624 and 759174?
78
What is the greatest common divisor of 312166843 and 524?
131
Calculate the highest common divisor of 222360 and 61455.
255
Calculate the greatest common factor of 4562031 and 10761.
633
What is the greatest common factor of 10766896 and 68523?
1757
What is the greatest common divisor of 4801280 and 117128?
968
What is the highest common factor of 52907775 and 75?
75
Calculate the highest common factor of 4925256 and 4389.
399
Calculate the greatest common divisor of 262075986 and 972.
486
What is the greatest common factor of 1875 and 47300250?
375
Calculate the greatest common divisor of 1545 and 6112515.
15
Calculate the greatest common divisor of 150046676 and 6136.
3068
What is the highest common divisor of 334425 and 57603?
273
What is the greatest common factor of 22 and 5480266?
22
Calculate the highest common divisor of 22670591 and 53.
53
What is the greatest common divisor of 908476526 and 114?
38
Calculate the highest common divisor of 74536 and 198848496.
6776
Calculate the greatest common divisor of 36 and 54046719.
9
Calculate the highest common divisor of 24 and 33990810.
6
Calculate the highest common divisor of 4620728 and 4571.
7
What is the highest common divisor of 285418 and 78329?
1073
What is the greatest common factor of 92656 and 6984?
8
What is the greatest common factor of 12255 and 18645015?
645
Calculate the highest common factor of 1410 and 217685670.
1410
Calculate the greatest common factor of 609308 and 119.
7
What is the highest common divisor of 862170 and 1126767?
2973
What is the highest common divisor of 16164892 and 331204?
10684
What is the greatest common divisor of 92 and 12439757?
23
What is the highest common divisor of 2197 and 17433?
13
What is the highest common divisor of 358557578 and 4688?
586
What is the highest common divisor of 78 and 109499793?
39
What is the greatest common factor of 153455 and 198810?
235
Calculate the highest common divisor of 45 and 60841620.
45
What is the highest common divisor of 405478619 and 10348?
2587
Calculate the greatest common divisor of 838345 and 2439819.
1567
Calculate the greatest common factor of 49864 and 122492.
1084
What is the highest common factor of 15696 and 819026?
218
What is the greatest common divisor of 11196472 and 648712?
4952
What is the highest common factor of 240 and 45383920?
80
Calculate the highest common factor of 30805 and 6712135.
305
What is the greatest common factor of 158194780 and 20?
20
Calculate the highest common divisor of 419874 and 1134.
42
What is the highest common divisor of 7286930 and 11480?
2870
What is the greatest common factor of 342635 and 6273?
17
What is the highest common factor of 78907728 and 632?
632
Calculate the highest common factor of 50 and 566563675.
25
Calculate the highest common factor of 732 and 12756747.
183
What is the greatest common factor of 50876 and 3094588?
2212
Calculate the highest common divisor of 1079 and 3186495.
13
What is the greatest common factor of 1957961 and 398?
199
Calculate the highest common divisor of 36426 and 85254.
78
What is the highest common factor of 7460 and 48277390?
3730
Calculate the greatest common divisor of 180969550 and 50.
50
Calculate the greatest common factor of 56164 and 56316.
76
Calculate the greatest common factor of 1915 and 112263045.
1915
What is the highest common factor of 2288 and 2401096?
8
Calculate the highest common factor of 110619 and 600813.
2169
What is the greatest common factor of 23991 and 115896?
33
What is the highest common factor of 4904 and 8244850?
1226
Calculate the highest common factor of 166418 and 13062.
14
What is the highest common divisor of 1176 and 3480666?
294
Calculate the greatest common divisor of 8916730 and 9796.
158
Calculate the highest common factor of 958 and 549152.
2
What is the greatest common divisor of 644905852 and 2572?
2572
Calculate the greatest common divisor of 59778 and 11916234.
1458
Calculate the greatest common factor of 34125 and 8099.
91
Calculate the highest common factor of 9 and 30021093.
9
Calculate the highest common divisor of 466 and 2734022.
466
Calculate the highest common factor of 1733537790 and 90.
90
Calculate the highest common factor of 1800325 and 45955.
505
What is the greatest common divisor of 20628 and 345924?
108
Calculate the greatest common factor of 390 and 27582945.
195
Calculate the greatest common divisor of 71262 and 267066.
666
What is the highest common factor of 1204 and 8925338?
86
Calculate the highest common factor of 45 and 8057025.
45
Calculate the greatest common divisor of 260414 and 80542.
154
Calculate the greatest common divisor of 38 and 93646763.
19
What is the highest common divisor of 83 and 297776859?
83
What is the greatest common factor of 3429437 and 1175334?
2759
Calculate the greatest common divisor of 148851 and 592.
37
What is the highest common factor of 2538 and 4539636?
846
What is the greatest common divisor of 137305939 and 4372?
1093
What is the highest common factor of 50225 and 12985?
245
Calculate the greatest common divisor of 90187560 and 360.
360
Calculate the greatest common factor of 996 and 140628.
12
What is the greatest common factor of 201 and 62902012?
67
Calculate the highest common factor of 632749681 and 967.
967
Calculate the greatest common divisor of 5789168 and 1364.
44
What is the highest common divisor of 140 and 6147340?
20
What is the highest common factor of 295 and 3760?
5
What is the greatest common factor of 53862238 and 134?
134
Calculate the highest common divisor of 26837541 and 33.
3
What is the highest common factor of 14454 and 1977789?
2409
Calculate the greatest common factor of 11178 and 746.
2
Calculate the highest common divisor of 21 and 91983423.
21
What is the greatest common divisor of 60795514 and 119288?
962
Calculate the highest common factor of 37203496 and 264.
88
Calculate the highest common divisor of 492335921 and 371.
371
Calculate the highest common divisor of 190440 and 9840.
120
What is the greatest common divisor of 3276 and 3875634?
126
Calculate the highest common divisor of 172 and 231932.
4
What is the greatest common factor of 2793 and 37791?
57
What is the highest common divisor of 37862258 and 28?
14
What is the highest common divisor of 992 and 1373486?
62
Calculate the highest common divisor of 34211618 and 266.
14
Calculate the greatest common divisor of 124 and 12997246.
62
Calculate the greatest common divisor of 714 and 3009972.
42
What is the highest common divisor of 